{"id":71,"date":"2024-05-28T21:42:33","date_gmt":"2024-05-28T19:42:33","guid":{"rendered":"https:\/\/evida.ugto.mx\/catalogo\/?page_id=71"},"modified":"2024-12-17T10:24:05","modified_gmt":"2024-12-17T16:24:05","slug":"la-educacion-continua-en-la-universidad-de-guanajuato","status":"publish","type":"page","link":"https:\/\/evida.ugto.mx\/catalogo\/la-educacion-continua-en-la-universidad-de-guanajuato\/","title":{"rendered":"La educaci\u00f3n continua en la Universidad de Guanajuato"},"content":{"rendered":"\n<p>La Universidad de Guanajuato (UG) reconoce la importancia de la educaci\u00f3n continua como un puente fundamental entre el conocimiento acad\u00e9mico y las necesidades reales del mercado laboral y la sociedad actual. En este sentido, la UG se ha convertido en un referente en la formaci\u00f3n a lo largo de la vida, brindando a estudiantes y profesionales las herramientas necesarias para adaptarse a los constantes cambios y desaf\u00edos del mundo contempor\u00e1neo.<\/p>\n\n\n\n<h2 class=\"wp-block-heading\">Evoluci\u00f3n hacia una estrategia integral<\/h2>\n\n\n\n<p>Tradicionalmente, la UG ha desempe\u00f1ado un papel crucial en el desarrollo educativo del Estado de Guanajuato, adapt\u00e1ndose y respondiendo a las necesidades sociales y culturales a trav\u00e9s del tiempo. La educaci\u00f3n continua ha experimentado una notable evoluci\u00f3n, desde programas focalizados hacia una estrategia expansiva. Este cambio refleja el compromiso inquebrantable de la universidad con la educaci\u00f3n accesible y de calidad para todos.<\/p>\n\n\n\n<p>En la actualidad, la UG, a trav\u00e9s del Ecosistema VIDA UG, trabaja incansablemente en la ampliaci\u00f3n y diversificaci\u00f3n de su oferta de educaci\u00f3n continua. La incorporaci\u00f3n de tecnolog\u00edas y metodolog\u00edas pedag\u00f3gicas innovadoras permite ofrecer programas m\u00e1s flexibles y pertinentes, respondiendo a las necesidades emergentes de formaci\u00f3n continua. Este enfoque innovador destaca la adaptabilidad y el compromiso de la universidad con el desarrollo profesional y personal continuo de sus estudiantes y egresados.<\/p>\n\n\n\n<p>La UG se proyecta hacia un futuro donde la educaci\u00f3n continua se caracterice por ser a\u00fan m\u00e1s innovadora, sostenible e incluyente. La instituci\u00f3n se propone impulsar permanentemente la adaptaci\u00f3n de sus programas educativos a las tendencias globales, preparando a sus egresados para enfrentar los retos del futuro con habilidades actualizadas y una visi\u00f3n global.<\/p>\n\n\n\n<h2 class=\"wp-block-heading\">Cat\u00e1logo de programas de educaci\u00f3n continua: un paso hacia la modernizaci\u00f3n e inclusi\u00f3n digital<\/h2>\n\n\n\n<p>En este contexto, la difusi\u00f3n de la oferta de educaci\u00f3n continua a trav\u00e9s de un cat\u00e1logo electr\u00f3nico, constituye un paso estrat\u00e9gico hacia la modernizaci\u00f3n e inclusi\u00f3n digital. Este recurso facilita el acceso a informaci\u00f3n detallada sobre programas, cursos y talleres, promoviendo una mayor visibilidad y alcance.<\/p>\n\n\n\n<p>Su implementaci\u00f3n refleja el compromiso de la UG con la adaptaci\u00f3n a las din\u00e1micas de una sociedad digital, permitiendo a estudiantes y profesionales explorar oportunidades de aprendizaje que enriquezcan su desarrollo profesional y personal en un formato accesible y actualizado. <\/p>\n\n\n\n<p>La UG, a trav\u00e9s de su enfoque innovador, flexible y comprometido con la educaci\u00f3n continua, se consolida como una instituci\u00f3n l\u00edder en la formaci\u00f3n integral de ciudadanos preparados para enfrentar los desaf\u00edos del presente y del futuro.<\/p>\n","protected":false},"excerpt":{"rendered":"<p>La Universidad de Guanajuato (UG) reconoce la importancia de la educaci\u00f3n continua como un puente fundamental entre el conocimiento acad\u00e9mico y las necesidades reales del mercado laboral y la sociedad actual. En este sentido, la UG se ha convertido en un referente en la formaci\u00f3n a lo largo de la vida, brindando a estudiantes y&hellip;&nbsp;<a href=\"https:\/\/evida.ugto.mx\/catalogo\/la-educacion-continua-en-la-universidad-de-guanajuato\/\" rel=\"bookmark\">Leer m\u00e1s &raquo;<span class=\"screen-reader-text\">La educaci\u00f3n continua en la Universidad de Guanajuato<\/span><\/a><\/p>\n","protected":false},"author":1,"featured_media":72,"parent":0,"menu_order":0,"comment_status":"closed","ping_status":"closed","template":"","meta":{"_acf_changed":false,"neve_meta_sidebar":"","neve_meta_container":"","neve_meta_enable_content_width":"","neve_meta_content_width":0,"neve_meta_title_alignment":"","neve_meta_author_avatar":"","neve_post_elements_order":"","neve_meta_disable_header":"","neve_meta_disable_footer":"","neve_meta_disable_title":"","footnotes":""},"class_list":["post-71","page","type-page","status-publish","has-post-thumbnail","hentry"],"acf":[],"_links":{"self":[{"href":"https:\/\/evida.ugto.mx\/catalogo\/wp-json\/wp\/v2\/pages\/71","targetHints":{"allow":["GET"]}}],"collection":[{"href":"https:\/\/evida.ugto.mx\/catalogo\/wp-json\/wp\/v2\/pages"}],"about":[{"href":"https:\/\/evida.ugto.mx\/catalogo\/wp-json\/wp\/v2\/types\/page"}],"author":[{"embeddable":true,"href":"https:\/\/evida.ugto.mx\/catalogo\/wp-json\/wp\/v2\/users\/1"}],"replies":[{"embeddable":true,"href":"https:\/\/evida.ugto.mx\/catalogo\/wp-json\/wp\/v2\/comments?post=71"}],"version-history":[{"count":2,"href":"https:\/\/evida.ugto.mx\/catalogo\/wp-json\/wp\/v2\/pages\/71\/revisions"}],"predecessor-version":[{"id":1455,"href":"https:\/\/evida.ugto.mx\/catalogo\/wp-json\/wp\/v2\/pages\/71\/revisions\/1455"}],"wp:featuredmedia":[{"embeddable":true,"href":"https:\/\/evida.ugto.mx\/catalogo\/wp-json\/wp\/v2\/media\/72"}],"wp:attachment":[{"href":"https:\/\/evida.ugto.mx\/catalogo\/wp-json\/wp\/v2\/media?parent=71"}],"curies":[{"name":"wp","href":"https:\/\/api.w.org\/{rel}","templated":true}]}}